by s(k)?
21
Let q(i) = 2*i**2 + 2*i - 15. Calculate the remainder when 97 is divided by q(-5).
22
Suppose 3*m = 4*m. Suppose x - 6 = -m*x. Let u(h) = -h**3 + 6*h**2 - 4*h + 1. Calculate the remainder when u(3) is divided by x.
4
Suppose -n = -30 + 10. Let i = n - 7. Calculate the remainder when i is divided by 5.
3
Suppose 20 = 5*s - 25. Calculate the remainder when 24 is divided by s.
6
Suppose 0*g + 55 = 5*q - 4*g, -3*q + 33 = g. Let b(j) = -j**3 + 10*j**2 - 6*j + 5. Calculate the remainder when b(9) is divided by q.
10
Let i(b) = -35*b**2 - b - 1. Let j be i(-1). Let l = j - -59. What is the remainder when 94 is divided by l?
22
Let f = 19 + -28. Suppose 3*l + 14 - 5 = 0. What is the remainder when (-14)/l*f/(-6) is divided by 4?
3
Let d = -51 + 103. Calculate the remainder when d is divided by 28.
24
Let k(y) = -6*y - 3. Let c = -19 + 16. Calculate the remainder when k(c) is divided by 6.
3
What is the remainder when ((-2)/((-8)/(-17)))/(57/(-912)) is divided by 24?
20
Let q = 64 - 27. Suppose -93 = -2*n - q. Calculate the remainder when 53 is divided by n.
25
Let q(g) = g**3 + 10*g**2 - 11*g + 3. Let d be q(-11). Suppose 5*r = -15 + 60. Suppose 0 = -2*x + d*x - r. Calculate the remainder when 25 is divided by x.
7
Suppose 0*j - 5*j = -215. Calculate the remainder when j is divided by (-137)/(-9) + (-4)/18.
13
Suppose 3*n + 217 = 5*h - n, -5*n - 35 = -h. Let d be (6 - 5)/(1/2). Suppose d*g = 5*g - 69. What is the remainder when h is divided by g?
22
Let x = -22 - -50. Let m = 94 - x. Calculate the remainder when m is divided by 17.
15
Let h = 2 - -3. Suppose 8 = g - 3*g, 4*s + h*g - 40 = 0. Suppose -v + 12 - 98 = -3*f, -4*v + 33 = f. What is the remainder when f is divided by s?
14
Let t = -39 - -71. Calculate the remainder when t is divided by 17.
15
Suppose 0 = -4*s, -5*r + 25 = -2*s - s. Let y(o) = 2*o - 12. What is the remainder when y(12) is divided by r?
2
Let r(m) = 6*m + 2. Let x(h) = h**2 - 5*h - 10. Let l be x(7). What is the remainder when r(l) is divided by -2*1/((-4)/18)?
8
Let g(n) = 2*n**2 - 6*n + 3. Let h(x) = x**2 - 6*x + 3. Let f(i) = 2*g(i) - 3*h(i). Suppose 2 + 26 = -4*l. What is the remainder when 9 is divided by f(l)?
1
Suppose -w + 11*w - 490 = 0. Let h = 52 - 35. Calculate the remainder when w is divided by h.
15
Suppose -54 = -3*j - 0*j + 5*f, -2*j - 5*f = -36. What is the remainder when 33 is divided by j?
15
Suppose 0 = -2*w - 2*a + 232, w = 4*a + 115 - 19. What is the remainder when w is divided by 19?
17
Suppose 10*z + 164 = 404. Calculate the remainder when z is divided by 13.
11
Calculate the remainder when (3 + 44/(-10))*-65 is divided by 31.
29
Suppose 0 = -3*d + 6. Calculate the remainder when (-1)/d - 174/(-4) is divided by 15.
13
Suppose -88 = 2*u - 10*u. What is the remainder when 31 is divided by u?
9
Let h(c) = -28*c + 2. Let l be h(-6). Suppose -8*k + l = -3*k. Suppose -3*f + 5*j = -10 - 11, -f + 2*j + 6 = 0. Calculate the remainder when k is divided by f.
10
Let c = -41 + 53. What is the remainder when 44 is divided by c?
8
Suppose 3*f - 2*f - 6 = w, 2*w - 3*f + 12 = 0. Let j be (-3)/(-2)*4*w. Let i = 51 + j. What is the remainder when 28 is divided by i?
13
Let t = -16 - -17. Calculate the remainder when 1 is divided by t.
0
Suppose 16 = p + 11. What is the remainder when 8 is divided by p?
3
Suppose -p = -24 - 5. Calculate the remainder when p is divided by 11.
7
Let q = 1 - 1. Let s = q - -19. Suppose -2*p + 5*t + 52 = -55, 0 = -3*p + 4*t + 164. What is the remainder when p is divided by s?
18
Suppose 4*o + 0*o = -b + 7, -o = 1. Suppose a + 3 = -0. Let z = a + b. What is the remainder when 14 is divided by z?
6
Let c(u) = u**3 + 7*u**2 - 3*u - 5. Let t be c(-6). Let w = t - -11. Calculate the remainder when w is divided by 31.
29
Let w(k) = 2*k + 1. Let h(a) = -2*a - 1. Let x(p) = -5*h(p) - 6*w(p). What is the remainder when x(-6) is divided by 4?
3
Let s(o) = o**3 + 2*o**2 - 2*o. Suppose -5*f - y - 4*y + 190 = 0, 2*f - y - 67 = 0. What is the remainder when f is divided by s(2)?
11
Suppose -v + 0 + 3 = 0. Calculate the remainder when (-2)/10 - (-102)/10 is divided by v.
1
Let v(l) = -l**3 + 5*l**2 + 5*l + 1. What is the remainder when (-2 - (-3 + 3))*255/(-5) is divided by v(5)?
24
Suppose -3*m + 217 = -4*h, h + 4*m = -0*h - 59. Let z = 113 + -22. Let i = z + h. Calculate the remainder when i is divided by 13.
10
Let t(y) = y**3 - 4*y**2 + y - 2. Let o(j) = j**2 - 3*j + 4. Let p be o(3). Let u = -2 + p. What is the remainder when u is divided by t(4)?
0
Let l(a) = -a**2 - 10*a + 10. Let u be l(8). Let t = u + 281. Suppose 2*j = -j + t. What is the remainder when j is divided by 17?
15
Let b = -29 - -79. Calculate the remainder when b is divided by 18.
14
Let c = 8 - 6. Suppose -c*g + 55 = 3*g. Calculate the remainder when g is divided by 6.
5
Suppose 4*i - 47 = -i + 2*d, 2*i - 21 = 3*d. Calculate the remainder when 44 is divided by i.
8
Let f be -1 + 2 + -1 + -3. Suppose -2*m + 16 = -m. What is the remainder when m is divided by 9/(-3 + 0)*f?
7
Let i(d) = 4*d + 8*d**2 - 12 + d**3 + 6*d - 14*d. What is the remainder when i(-8) is divided by 6?
2
Suppose -11*t + 9*t = -88. Calculate the remainder when t is divided by 16.
12
Let n = 89 + -64. Let j = n - 16. What is the remainder when 28 + 1 - (-4 - -7) is divided by j?
8
Let u be (-6)/(-4)*(-12)/(-9). Let c(z) = z**3 - 4*z**2 - z + 4. Let o be c(4). Let m = u + o. What is the remainder when 3 is divided by m?
1
Let t = 3 - 3. Let l = t - -2. Calculate the remainder when l is divided by 2.
0
Suppose 6*y - 29 = 109. Suppose 4*h - 37 = 3*c, -6*h = -4*h + 4*c - 46. Suppose -m + 54 = -h. What is the remainder when m is divided by y?
21
Suppose -138 = -5*r + n, -2*r + 2*n = -0*r - 52. Let m = 33 + r. What is the remainder when m is divided by 16?
13
Suppose 0 = -13*r + 11*r - 50. Let p = 45 + r. Calculate the remainder when p is divided by 7.
6
Let d = 21 - 7. Calculate the remainder when 53 is divided by d.
11
Let h = -16 - -35. Suppose -23*u - 239 = -492. Calculate the remainder when h is divided by u.
8
Let y(v) = 13*v + 3. Suppose -4*p + 47 = 3. Calculate the remainder when y(3) is divided by p.
9
Suppose 15 = -3*j + 6*j. Calculate the remainder when 13 is divided by j.
3
Suppose 3*c - 5*c + 102 = 0. Calculate the remainder when c is divided by 13.
12
Suppose -121 = -4*i + 35. What is the remainder when i is divided by 8?
7
Suppose 4*x + 0*m = -m + 61, 3*x - 44 = m. Calculate the remainder when x is divided by 4.
3
Suppose -w + 25 = 2*q, -4*q - 5*w = 26 - 85. Let j = 14 + -10. Suppose -j*n + 9 + 15 = 0. Calculate the remainder when q is divided by n.
5
Suppose -54 = -0*l - 6*l. Let a(t) = 2*t - 6 + 4 - 4. Calculate the remainder when 23 is divided by a(l).
11
Let c(v) = v**2 - 4*v + 4. Let d be c(5). Suppose -9 = 8*o - d*o. Calculate the remainder when 34 is divided by o.
7
Let o = -6 - -1. Let w = o + 7. Suppose -2*a = a - 12. Calculate the remainder when a is divided by w.
0
Let i be 2/(3*2/24). Let m be (-4)/(-2) - i/4. Suppose m*y = 3*y - 39. Calculate the remainder when y is divided by 7.
6
Suppose 0*s - s + 18 = 0. Suppose 15 = 5*d + 5*b, -b - 14 = -3*d + 3. Suppose 6 = -d*i + 41. Calculate the remainder when s is divided by i.
4
Let a = 70 + -63. What is the remainder when 12 is divided by a?
5
Suppose p + 1 = 0, m - 3*p = -2*m + 114. Suppose o + o = 4*u + 12, 0 = 5*o + 2*u - 54. Calculate the remainder when m is divided by o.
7
Let u(a) = -a**3 - 5*a**2 - 7*a - 5. Suppose -3*l + 12 = -4*i - 2*l, 4*l - 4 = 5*i. What is the remainder when 18 is divided by u(i)?
4
Suppose -4*a - 5 = a. Let c = a + 0. Calculate the remainder when 50 is divided by ((-34)/4)/(c/2).
16
Let i(h) = -5*h - 1. Let r be i(-1). Suppose -t - r*t + 50 = 0. What is the remainder when 17 is divided by t?
7
Let m be (16/(-12))/(2/(-9)). Let k = m + 8. What is the remainder when 55 is divided by k?
13
Let m(k) = -6*k + 8. What is the remainder when m(-2) is divided by 12?
8
Suppose 3*v = 8 + 1. Suppose 0*g + v*g = 6. What is the remainder when (-3)/(-1 + (-4)/(-16)) is divided by g?
0
Let j(t) = -t**3 + 4*t**2 + 6*t + 1. Let f = -6 - -11. What is the remainder when (-1 - 0)/((-2)/20) is divided by j(f)?
4
Suppose 0 = -d + 1, -3*n + 3*d + 33 = 0. What is the remainder when